{"id":7932,"date":"2024-06-20T11:25:50","date_gmt":"2024-06-20T09:25:50","guid":{"rendered":"https:\/\/campus.caae.es\/eva\/?page_id=7932"},"modified":"2024-06-21T08:50:47","modified_gmt":"2024-06-21T06:50:47","slug":"politica-de-proteccion-de-datos-para-webinar-actualizacion-de-normas-organicas-para-exportaciones-a-ueus-y-normativa-nacional-rtpo","status":"publish","type":"page","link":"https:\/\/campus.caae.es\/eva\/politica-de-proteccion-de-datos-para-webinar-actualizacion-de-normas-organicas-para-exportaciones-a-ueus-y-normativa-nacional-rtpo\/","title":{"rendered":"P\u00d3LITICA DE PROTECCI\u00d3N DE DATOS PERSONALES"},"content":{"rendered":"<h5 class=\"wp-block-heading\">La aceptaci\u00f3n de la pol\u00edtica por el siguiente texto para cumplir con la normativa de protecci\u00f3n de datos:<\/h5><div class=\"wp-block-image\"><figure class=\"alignright size-full is-resized\"><a href=\"https:\/\/campus.caae.es\/eva\/wp-content\/uploads\/2024\/06\/logotipo_CAAE_sinmarconegroColor-2.jpg\"><img loading=\"lazy\" decoding=\"async\" width=\"600\" height=\"388\" src=\"https:\/\/campus.caae.es\/eva\/wp-content\/uploads\/2024\/06\/logotipo_CAAE_sinmarconegroColor-2.jpg\" alt=\"\" class=\"wp-image-7933\" style=\"width:206px;height:auto\" srcset=\"https:\/\/campus.caae.es\/eva\/wp-content\/uploads\/2024\/06\/logotipo_CAAE_sinmarconegroColor-2.jpg 600w, https:\/\/campus.caae.es\/eva\/wp-content\/uploads\/2024\/06\/logotipo_CAAE_sinmarconegroColor-2-300x194.jpg 300w\" sizes=\"(max-width: 600px) 100vw, 600px\" \/><\/a><\/figure><\/div><p>De conformidad con la Ley N\u00b0 29733, Ley de Protecci\u00f3n de Datos Personales, el usuario participante del presente evento acepta y da su consentimiento con su inscripci\u00f3n en el evento, a realizar el tratamiento de todos los datos personales que suministren o que se generen producto de la realizaci\u00f3n del evento y\/o registro de participantes, los que ser\u00e1n incorporados en el Banco de Datos Personales de usuarios de propiedad de CAAE AMERICA S.A.C.<\/p><p>El uso de la informaci\u00f3n por parte de CAAE ser\u00e1 para los servicios requeridos y prestados al titular, as\u00ed como para contactarse y enviar informaci\u00f3n sobre los servicios que CAAE ofrece, env\u00edo de publicidad mediante cualquier medio y soporte para fines estad\u00edsticos, gestiones, y, en general, para el cumplimiento de cualquier finalidad conexa con los servicios que la CAAE ofrece. Los datos se mantendr\u00e1n mientras sean \u00fatiles para que CAAE preste y ofrezca servicios.<\/p><p>Cuando se suscriban convenios para realizar actividades del rubro de CAAE con otras instituciones y\/o empresas, los datos \u00fanicamente podr\u00e1n ser compartidos o transferidos para los fines de registro de las certificaciones que se otorguen como parte de estos convenios.<\/p><p>El usuario participante otorga su consentimiento para la transferencia de datos personales a empresas vinculadas y\/o asociadas a CAAE.<\/p><p>La autorizaci\u00f3n otorgada es por tiempo indefinido; sin embargo, el usuario podr\u00e1 revocar o ejercer los derechos de acceso, rectificaci\u00f3n, cancelaci\u00f3n y oposici\u00f3n de los datos personales de manera gratuita, escribiendo a <a href=\"mailto:Protecciondedatos@caae.es\">Protecciondedatos@caae.es<\/a> <strong>&nbsp;<\/strong><\/p>","protected":false},"excerpt":{"rendered":"<p>La aceptaci\u00f3n de la pol\u00edtica por el siguiente texto para cumplir con la normativa de protecci\u00f3n de datos: De conformidad con la Ley N\u00b0 29733, Ley de Protecci\u00f3n de Datos&#8230;<\/p>\n","protected":false},"author":27,"featured_media":0,"parent":0,"menu_order":0,"comment_status":"closed","ping_status":"closed","template":"","meta":{"footnotes":""},"_links":{"self":[{"href":"https:\/\/campus.caae.es\/eva\/wp-json\/wp\/v2\/pages\/7932"}],"collection":[{"href":"https:\/\/campus.caae.es\/eva\/wp-json\/wp\/v2\/pages"}],"about":[{"href":"https:\/\/campus.caae.es\/eva\/wp-json\/wp\/v2\/types\/page"}],"author":[{"embeddable":true,"href":"https:\/\/campus.caae.es\/eva\/wp-json\/wp\/v2\/users\/27"}],"replies":[{"embeddable":true,"href":"https:\/\/campus.caae.es\/eva\/wp-json\/wp\/v2\/comments?post=7932"}],"version-history":[{"count":3,"href":"https:\/\/campus.caae.es\/eva\/wp-json\/wp\/v2\/pages\/7932\/revisions"}],"predecessor-version":[{"id":7939,"href":"https:\/\/campus.caae.es\/eva\/wp-json\/wp\/v2\/pages\/7932\/revisions\/7939"}],"wp:attachment":[{"href":"https:\/\/campus.caae.es\/eva\/wp-json\/wp\/v2\/media?parent=7932"}],"curies":[{"name":"wp","href":"https:\/\/api.w.org\/{rel}","templated":true}]}}