{"id":9164,"date":"2025-11-14T10:14:49","date_gmt":"2025-11-14T09:14:49","guid":{"rendered":"https:\/\/campus.caae.es\/eva\/?page_id=9164"},"modified":"2026-03-06T08:20:43","modified_gmt":"2026-03-06T07:20:43","slug":"nuevos-cursos-para-america","status":"publish","type":"page","link":"https:\/\/campus.caae.es\/eva\/nuevos-cursos-para-america\/","title":{"rendered":"Nuevos cursos para Am\u00e9rica"},"content":{"rendered":"<h1 class=\"wp-block-heading\">Inscripciones de cursos para LATAM<\/h1><p><em>Te damos las gracias por llegar hasta aqu\u00ed.<\/em><br>Actualmente desde esta plataforma CAMPUS CAAE se ofrece el pago con tarjeta en \u20ac. <br>En esta p\u00e1gina informa para el publico en LATAM interesadas en realizar algunos cursos que CAAE ofrece, la forma de pago de forma directa en pago el cual se encargara de gestionar cada delegaci\u00f3n de forma directa, poni\u00e9ndose en contacto con nosotros en alguno de estos tel\u00e9fono o emails.<\/p><p>\u00bfDesea ampliar la informaci\u00f3n?<\/p><p>Formulario de solicitud de<mark style=\"background-color:rgba(0, 0, 0, 0)\" class=\"has-inline-color has-vivid-green-cyan-color\"> <strong>INFORMACI\u00d3N<\/strong><\/mark> : <strong><a href=\"https:\/\/forms.caae.es\/caae\/form\/SolicitudInformacionOnlineFormacin\/formperma\/GzXJeGmtdMksHCK1zPZVPMFiIg5QOIowUJVnlriT5L0\">desde AQU\u00cd<\/a><\/strong><\/p><p>\u00bfDesea inscribirse en el curso?<\/p><p>Formulario de solicitud de <strong><mark style=\"background-color:rgba(0, 0, 0, 0)\" class=\"has-inline-color has-luminous-vivid-orange-color\">INSCRIPCI\u00d3N<\/mark><\/strong> : <a href=\"https:\/\/forms.caae.es\/caae\/form\/SolicitudOfertaOnlineFormacin\/formperma\/QQz7YzKPexhar0MhgkXvnggUTkPUDPe_9OK5l0llXz4\"><strong>desde AQU\u00cd<\/strong><\/a><\/p><p><strong>DATOS DE CONTACTOS<\/strong><\/p><p><strong>Ecuador: +593 0988381100 \/ <a href=\"mailto:info@caae.bio\">info@caae.bio<\/a><\/strong><\/p><p><strong>M\u00e9xico: + 52 5589369092\/96 \/ <a href=\"mailto:tgonzalez@caae.bio\">tgonzalez@caae.bio<\/a><\/strong><\/p><p><strong>Per\u00fa: +51 920535535 \/ <a href=\"mailto:comercial@caae.pe\">comercial@caae.pe<\/a><\/strong><\/p><p><strong>Dpto. de Formaci\u00f3n CAAE:<\/strong> <strong><a href=\"mailto:formacion@caae.es\">formacion@caae.es<\/a><\/strong><\/p><p>Escribanos indicando que curso est\u00e1 interesado en realizar y le informaremos, sobre todo, desde el coste, pasando por el proceso de inscripci\u00f3n.<\/p><hr class=\"wp-block-separator has-alpha-channel-opacity\"\/><div class=\"wp-block-image\"><figure class=\"alignleft size-large is-resized\"><a href=\"https:\/\/campus.caae.es\/eva\/wp-content\/uploads\/2025\/07\/Cursi-Traces_COI-UE.png\"><img loading=\"lazy\" decoding=\"async\" width=\"1024\" height=\"1024\" src=\"https:\/\/campus.caae.es\/eva\/wp-content\/uploads\/2025\/07\/Cursi-Traces_COI-UE-1024x1024.png\" alt=\"\" class=\"wp-image-9007\" style=\"width:342px;height:auto\" srcset=\"https:\/\/campus.caae.es\/eva\/wp-content\/uploads\/2025\/07\/Cursi-Traces_COI-UE-1024x1024.png 1024w, https:\/\/campus.caae.es\/eva\/wp-content\/uploads\/2025\/07\/Cursi-Traces_COI-UE-300x300.png 300w, https:\/\/campus.caae.es\/eva\/wp-content\/uploads\/2025\/07\/Cursi-Traces_COI-UE-150x150.png 150w, https:\/\/campus.caae.es\/eva\/wp-content\/uploads\/2025\/07\/Cursi-Traces_COI-UE-768x768.png 768w, https:\/\/campus.caae.es\/eva\/wp-content\/uploads\/2025\/07\/Cursi-Traces_COI-UE-100x100.png 100w, https:\/\/campus.caae.es\/eva\/wp-content\/uploads\/2025\/07\/Cursi-Traces_COI-UE-140x140.png 140w, https:\/\/campus.caae.es\/eva\/wp-content\/uploads\/2025\/07\/Cursi-Traces_COI-UE-500x500.png 500w, https:\/\/campus.caae.es\/eva\/wp-content\/uploads\/2025\/07\/Cursi-Traces_COI-UE-350x350.png 350w, https:\/\/campus.caae.es\/eva\/wp-content\/uploads\/2025\/07\/Cursi-Traces_COI-UE-1000x1000.png 1000w, https:\/\/campus.caae.es\/eva\/wp-content\/uploads\/2025\/07\/Cursi-Traces_COI-UE-800x800.png 800w, https:\/\/campus.caae.es\/eva\/wp-content\/uploads\/2025\/07\/Cursi-Traces_COI-UE-600x600.png 600w, https:\/\/campus.caae.es\/eva\/wp-content\/uploads\/2025\/07\/Cursi-Traces_COI-UE.png 1080w\" sizes=\"(max-width: 1024px) 100vw, 1024px\" \/><\/a><\/figure><\/div><h1 class=\"wp-block-heading\">Transacciones de Productos Org\u00e1nicos a la UE (COI-TRACES)<\/h1><h3 class=\"wp-block-heading\">Precio para Am\u00e9rica 150,00&nbsp;USD<\/h3><p>Este curso integral est\u00e1 dise\u00f1ado para profesionales que desean especializarse en la importaci\u00f3n de productos org\u00e1nicos dentro del marco normativo europeo.<br>Aprender\u00e1s a navegar por los detalles del&nbsp;<strong>Reglamento (UE) 2018\/848<\/strong>&nbsp;y acercarte el uso de<strong>&nbsp;la plataforma TRACES NT<\/strong>&nbsp;para gestionar la documentaci\u00f3n relacionada con tus importaciones.<\/p><p>La formaci\u00f3n combina aspectos te\u00f3ricos fundamentales con ejemplos pr\u00e1cticos basados en casos reales, proporcionando las herramientas necesarias para cumplir con todos los requisitos legales y operativos del sector org\u00e1nico.&nbsp;<\/p><p>Este curso cuenta con&nbsp;<strong>15 horas lectivas.<\/strong><br><\/p><p><strong>Ficha T\u00e9cnica: <\/strong>Disponible desde <strong><mark style=\"background-color:rgba(0, 0, 0, 0)\" class=\"has-inline-color has-luminous-vivid-orange-color\"><a href=\"https:\/\/campus.caae.es\/eva\/wp-content\/uploads\/2025\/10\/Ficha-tecnica-de-Curso_LATAM_Transacciones-UE_COI_TRACES.pdf\" target=\"_blank\" rel=\"noreferrer noopener\">AQU\u00cd<\/a><\/mark><\/strong><\/p><p><strong>Fecha:<\/strong><br>Se puede iniciar&nbsp;<strong>cualquier momento.<\/strong>&nbsp;De momento del inicio, se dispone&nbsp;<strong>30 d\u00edas de tiempo de conexi\u00f3n.<\/strong><\/p><div class=\"wp-block-image\"><figure class=\"alignleft size-large is-resized\"><a href=\"https:\/\/campus.caae.es\/eva\/wp-content\/uploads\/2025\/07\/Gestionsospechadeincumplimiento.png\"><img loading=\"lazy\" decoding=\"async\" width=\"1024\" height=\"1024\" src=\"https:\/\/campus.caae.es\/eva\/wp-content\/uploads\/2025\/07\/Gestionsospechadeincumplimiento-1024x1024.png\" alt=\"\" class=\"wp-image-9038\" style=\"width:352px;height:auto\" srcset=\"https:\/\/campus.caae.es\/eva\/wp-content\/uploads\/2025\/07\/Gestionsospechadeincumplimiento-1024x1024.png 1024w, https:\/\/campus.caae.es\/eva\/wp-content\/uploads\/2025\/07\/Gestionsospechadeincumplimiento-300x300.png 300w, https:\/\/campus.caae.es\/eva\/wp-content\/uploads\/2025\/07\/Gestionsospechadeincumplimiento-150x150.png 150w, https:\/\/campus.caae.es\/eva\/wp-content\/uploads\/2025\/07\/Gestionsospechadeincumplimiento-768x768.png 768w, https:\/\/campus.caae.es\/eva\/wp-content\/uploads\/2025\/07\/Gestionsospechadeincumplimiento-100x100.png 100w, https:\/\/campus.caae.es\/eva\/wp-content\/uploads\/2025\/07\/Gestionsospechadeincumplimiento-140x140.png 140w, https:\/\/campus.caae.es\/eva\/wp-content\/uploads\/2025\/07\/Gestionsospechadeincumplimiento-500x500.png 500w, https:\/\/campus.caae.es\/eva\/wp-content\/uploads\/2025\/07\/Gestionsospechadeincumplimiento-350x350.png 350w, https:\/\/campus.caae.es\/eva\/wp-content\/uploads\/2025\/07\/Gestionsospechadeincumplimiento-1000x1000.png 1000w, https:\/\/campus.caae.es\/eva\/wp-content\/uploads\/2025\/07\/Gestionsospechadeincumplimiento-800x800.png 800w, https:\/\/campus.caae.es\/eva\/wp-content\/uploads\/2025\/07\/Gestionsospechadeincumplimiento-600x600.png 600w, https:\/\/campus.caae.es\/eva\/wp-content\/uploads\/2025\/07\/Gestionsospechadeincumplimiento.png 1080w\" sizes=\"(max-width: 1024px) 100vw, 1024px\" \/><\/a><\/figure><\/div><h1 class=\"wp-block-heading\">Gesti\u00f3n Sospecha de Incumplimiento\/ No Conformidades<\/h1><h3 class=\"wp-block-heading\"><strong>Precio para Am\u00e9rica 100,00&nbsp;USD<\/strong><\/h3><p>Este curso integral, est\u00e1 dise\u00f1ado para profesionales, como t\u00e9cnicos\/as y personal de calidad que puedan enfrentarse a sospechas de incumplimiento relacionado con la detecci\u00f3n de las sustancias no autorizadas.<br>Aprender\u00e1s el procedimiento&nbsp;paso a paso,&nbsp;referente a la gesti\u00f3n de los casos de presencia de productos o sustancias no autorizados en producci\u00f3n ecol\u00f3gica basado en el documento&nbsp;\u201cDI-RES-ECO: Directrices para la coordinaci\u00f3n de las autoridades competentes de producci\u00f3n ecol\u00f3gica ante la presencia de residuos de productos y sustancias no autorizados en producci\u00f3n ecol\u00f3gica\u201d en Espa\u00f1a.<\/p><p>Se ofrece, adem\u00e1s del contenido escrito navegable, contenido audiovisual en el que&nbsp;se desarrolla de forma detallada el&nbsp;flujo de trabajo ante una sospecha de incumplimiento,&nbsp;describiendo&nbsp;cada paso&nbsp;frente a&nbsp;distintos escenarios, en los que aprenderemos, como&nbsp;poder abordarlos y otros videos con varios ejemplos de diferentes casos.&nbsp;<\/p><p>Este curso cuenta con 10&nbsp;<strong>horas lectivas<\/strong>.<\/p><p><strong>Ficha T\u00e9cnica: <\/strong>Disponible desde <strong><mark style=\"background-color:rgba(0, 0, 0, 0)\" class=\"has-inline-color has-luminous-vivid-orange-color\"><a href=\"https:\/\/campus.caae.es\/eva\/wp-content\/uploads\/2025\/10\/Ficha-tecnica-LATAM_Sospecha-NC.pdf\" target=\"_blank\" rel=\"noreferrer noopener\">AQU\u00cd<\/a><\/mark><\/strong><\/p><p><strong>Fecha:<\/strong><br>Se puede iniciar&nbsp;<strong>cualquier momento.<\/strong>&nbsp;De momento del inicio, se dispone&nbsp;<strong>30 d\u00edas de tiempo de conexi\u00f3n.<\/strong><\/p><hr class=\"wp-block-separator has-alpha-channel-opacity\"\/><div class=\"wp-block-image\"><figure class=\"alignleft size-large is-resized\"><a href=\"https:\/\/campus.caae.es\/eva\/wp-content\/uploads\/2025\/07\/Iniciacion-a-Global-gap.png\"><img loading=\"lazy\" decoding=\"async\" width=\"1024\" height=\"1024\" src=\"https:\/\/campus.caae.es\/eva\/wp-content\/uploads\/2025\/07\/Iniciacion-a-Global-gap-1024x1024.png\" alt=\"\" class=\"wp-image-9035\" style=\"width:284px;height:auto\" srcset=\"https:\/\/campus.caae.es\/eva\/wp-content\/uploads\/2025\/07\/Iniciacion-a-Global-gap-1024x1024.png 1024w, https:\/\/campus.caae.es\/eva\/wp-content\/uploads\/2025\/07\/Iniciacion-a-Global-gap-300x300.png 300w, https:\/\/campus.caae.es\/eva\/wp-content\/uploads\/2025\/07\/Iniciacion-a-Global-gap-150x150.png 150w, https:\/\/campus.caae.es\/eva\/wp-content\/uploads\/2025\/07\/Iniciacion-a-Global-gap-768x768.png 768w, https:\/\/campus.caae.es\/eva\/wp-content\/uploads\/2025\/07\/Iniciacion-a-Global-gap-100x100.png 100w, https:\/\/campus.caae.es\/eva\/wp-content\/uploads\/2025\/07\/Iniciacion-a-Global-gap-140x140.png 140w, https:\/\/campus.caae.es\/eva\/wp-content\/uploads\/2025\/07\/Iniciacion-a-Global-gap-500x500.png 500w, https:\/\/campus.caae.es\/eva\/wp-content\/uploads\/2025\/07\/Iniciacion-a-Global-gap-350x350.png 350w, https:\/\/campus.caae.es\/eva\/wp-content\/uploads\/2025\/07\/Iniciacion-a-Global-gap-1000x1000.png 1000w, https:\/\/campus.caae.es\/eva\/wp-content\/uploads\/2025\/07\/Iniciacion-a-Global-gap-800x800.png 800w, https:\/\/campus.caae.es\/eva\/wp-content\/uploads\/2025\/07\/Iniciacion-a-Global-gap-600x600.png 600w, https:\/\/campus.caae.es\/eva\/wp-content\/uploads\/2025\/07\/Iniciacion-a-Global-gap.png 1080w\" sizes=\"(max-width: 1024px) 100vw, 1024px\" \/><\/a><\/figure><\/div><h1 class=\"wp-block-heading\">Iniciaci\u00f3n a <\/h1><h1 class=\"wp-block-heading\">GLOBALG.A.P. V.6<\/h1><p><\/p><h3 class=\"wp-block-heading\"><strong>Precio para Am\u00e9rica 200,00&nbsp;USD<\/strong><\/h3><p><\/p><p><strong>\u00bfSab\u00edas que GLOBALG.A.P. cuenta con m\u00e1s de 200.000 productores certificados mundialmente?<\/strong><\/p><p>\u00bfQu\u00e9 opera en m\u00e1s de 130 pa\u00edses y que actualmente tiene m\u00e1s de 4,5 millones de Has certificadas?<\/p><p>GLOBAL G.A.P. es una normativa agroindustrial de las m\u00e1s prestigiosas a nivel internacional, basada en el aseguramiento de la calidad de productos, la sostenibilidad medioambiental y del bienestar de los trabajadores, obteniendo por tanto, productos seguros y de alta calidad para consumidores.<\/p><p>Certificar bajo la norma GLOBALG.A.P.&nbsp; permite alcanzar una mejora continua de tu proceso productivo, afianzar relaciones comerciales con tus clientes, pudiendo acceder a los mercados internacionales m\u00e1s exigentes.<\/p><p>En este curso te vamos a ense\u00f1ar todo el proceso para obtener con \u00e9xito tu certificado GLOBALG.A.P.<\/p><p>Este curso cuenta con&nbsp;<strong>15&nbsp;horas lectivas.<\/strong><\/p><p><strong>Ficha T\u00e9cnica: <\/strong>Disponible desde<a href=\"https:\/\/campus.caae.es\/eva\/wp-content\/uploads\/2025\/12\/Ficha-tecnica-Curso-GlobalGAPV6-LATAM.pdf\"> <\/a><strong><a href=\"https:\/\/campus.caae.es\/eva\/wp-content\/uploads\/2025\/12\/Ficha-tecnica-Curso-GlobalGAPV6-LATAM.pdf\">AQU\u00cd<\/a><\/strong><br><strong>Fecha:<\/strong> <br>Se puede iniciar&nbsp;<strong>cualquier momento.<\/strong>&nbsp;De momento del inicio, se dispone&nbsp;<strong>30 d\u00edas de tiempo de conexi\u00f3n.<\/strong><\/p>","protected":false},"excerpt":{"rendered":"<p>Inscripciones de cursos para LATAM Te damos las gracias por llegar hasta aqu\u00ed.Actualmente desde esta plataforma CAMPUS CAAE se ofrece el pago con tarjeta en \u20ac. En esta p\u00e1gina informa&#8230;<\/p>\n","protected":false},"author":27,"featured_media":0,"parent":0,"menu_order":0,"comment_status":"closed","ping_status":"closed","template":"","meta":{"footnotes":""},"_links":{"self":[{"href":"https:\/\/campus.caae.es\/eva\/wp-json\/wp\/v2\/pages\/9164"}],"collection":[{"href":"https:\/\/campus.caae.es\/eva\/wp-json\/wp\/v2\/pages"}],"about":[{"href":"https:\/\/campus.caae.es\/eva\/wp-json\/wp\/v2\/types\/page"}],"author":[{"embeddable":true,"href":"https:\/\/campus.caae.es\/eva\/wp-json\/wp\/v2\/users\/27"}],"replies":[{"embeddable":true,"href":"https:\/\/campus.caae.es\/eva\/wp-json\/wp\/v2\/comments?post=9164"}],"version-history":[{"count":16,"href":"https:\/\/campus.caae.es\/eva\/wp-json\/wp\/v2\/pages\/9164\/revisions"}],"predecessor-version":[{"id":9318,"href":"https:\/\/campus.caae.es\/eva\/wp-json\/wp\/v2\/pages\/9164\/revisions\/9318"}],"wp:attachment":[{"href":"https:\/\/campus.caae.es\/eva\/wp-json\/wp\/v2\/media?parent=9164"}],"curies":[{"name":"wp","href":"https:\/\/api.w.org\/{rel}","templated":true}]}}